{"id":457,"date":"2009-09-27T12:35:24","date_gmt":"2009-09-27T10:35:24","guid":{"rendered":"http:\/\/www.fleuf.fr\/bolivie\/?page_id=457"},"modified":"2010-08-15T15:05:00","modified_gmt":"2010-08-15T13:05:00","slug":"3-photos-de-lile-de-paques","status":"publish","type":"page","link":"https:\/\/www.fleuf.fr\/bolivie\/?page_id=457","title":{"rendered":"7 PHOTOS de l&rsquo;ILE DE PAQUES !!"},"content":{"rendered":"<p><strong><span style=\"color: #ff0000;\">J&rsquo;aime pas les bugs&#8230;<\/span><\/strong><\/p>\n<p><strong><span style=\"color: #ff0000;\">Si vous n&rsquo;avez pas Internet Explorer, les photos sont en bas de page !<\/span><\/strong><\/p>\n<h3><strong>Photos des diff\u00e9rents sites de l&rsquo;\u00eele de P\u00e2ques :<br \/>\n<\/strong><\/h3>\n<p>[nggallery id=14]<\/p>\n","protected":false},"excerpt":{"rendered":"<p>J&rsquo;aime pas les bugs&#8230; Si vous n&rsquo;avez pas Internet Explorer, les photos sont en bas de page ! Photos des diff\u00e9rents sites de l&rsquo;\u00eele de P\u00e2ques : [nggallery id=14]<\/p>\n","protected":false},"author":1,"featured_media":0,"parent":0,"menu_order":0,"comment_status":"open","ping_status":"open","template":"","meta":[],"_links":{"self":[{"href":"https:\/\/www.fleuf.fr\/bolivie\/index.php?rest_route=\/wp\/v2\/pages\/457"}],"collection":[{"href":"https:\/\/www.fleuf.fr\/bolivie\/index.php?rest_route=\/wp\/v2\/pages"}],"about":[{"href":"https:\/\/www.fleuf.fr\/bolivie\/index.php?rest_route=\/wp\/v2\/types\/page"}],"author":[{"embeddable":true,"href":"https:\/\/www.fleuf.fr\/bolivie\/index.php?rest_route=\/wp\/v2\/users\/1"}],"replies":[{"embeddable":true,"href":"https:\/\/www.fleuf.fr\/bolivie\/index.php?rest_route=%2Fwp%2Fv2%2Fcomments&post=457"}],"version-history":[{"count":3,"href":"https:\/\/www.fleuf.fr\/bolivie\/index.php?rest_route=\/wp\/v2\/pages\/457\/revisions"}],"predecessor-version":[{"id":459,"href":"https:\/\/www.fleuf.fr\/bolivie\/index.php?rest_route=\/wp\/v2\/pages\/457\/revisions\/459"}],"wp:attachment":[{"href":"https:\/\/www.fleuf.fr\/bolivie\/index.php?rest_route=%2Fwp%2Fv2%2Fmedia&parent=457"}],"curies":[{"name":"wp","href":"https:\/\/api.w.org\/{rel}","templated":true}]}}