{"id":343,"date":"2009-09-11T18:55:16","date_gmt":"2009-09-11T16:55:16","guid":{"rendered":"http:\/\/www.fleuf.fr\/bolivie\/?page_id=343"},"modified":"2010-08-15T15:04:43","modified_gmt":"2010-08-15T13:04:43","slug":"photos","status":"publish","type":"page","link":"https:\/\/www.fleuf.fr\/bolivie\/?page_id=343","title":{"rendered":"5\/ PHOTOS DE BOLIVIE !!"},"content":{"rendered":"<p><strong><span style=\"color: #ff0000;\">J&rsquo;aime pas les bugs&#8230;<\/span><\/strong><\/p>\n<p><strong><span style=\"color: #ff0000;\">Si vous n&rsquo;avez pas Internet Explorer, les photos sont en bas de page !<\/span><\/strong><\/p>\n<h3><strong>La Paz, capitale administrative de Bolivie :<\/strong><\/h3>\n<p>[nggallery id=3]<strong><\/strong><\/p>\n<p><strong><br \/>\n<\/strong><\/p>\n<h3><strong>Sucre, capitale constitutionnelle de Bolivie :<\/strong><\/h3>\n<p>[nggallery id=4]<\/p>\n<h3><strong>Tarabuco et son c\u00e9l\u00e8bre march\u00e9 : <\/strong><\/h3>\n<p>[nggallery id=5]<\/p>\n<h3><strong>Potosi et sa (triste?) c\u00e9l\u00e8bre mine d&rsquo;argent : <\/strong><\/h3>\n<p>[nggallery id=7]<\/p>\n<h3>Portraits :<\/h3>\n<p>[nggallery id=8]<\/p>\n<h3><strong>Tupiza :<\/strong><\/h3>\n<p>[nggallery id=11]<\/p>\n<h3>Sud Lipez :<\/h3>\n<p>[nggallery id=9]<\/p>\n<h3>Salar d&rsquo;Uyuni :<\/h3>\n<p>[nggallery id=10]<\/p>\n","protected":false},"excerpt":{"rendered":"<p>J&rsquo;aime pas les bugs&#8230; Si vous n&rsquo;avez pas Internet Explorer, les photos sont en bas de page ! La Paz, capitale administrative de Bolivie : [nggallery id=3] Sucre, capitale constitutionnelle de Bolivie : [nggallery id=4] Tarabuco et son c\u00e9l\u00e8bre march\u00e9 : [nggallery id=5] Potosi et sa (triste?) c\u00e9l\u00e8bre mine d&rsquo;argent : [nggallery id=7] Portraits : [&hellip;]<\/p>\n","protected":false},"author":1,"featured_media":0,"parent":0,"menu_order":0,"comment_status":"open","ping_status":"open","template":"","meta":[],"_links":{"self":[{"href":"https:\/\/www.fleuf.fr\/bolivie\/index.php?rest_route=\/wp\/v2\/pages\/343"}],"collection":[{"href":"https:\/\/www.fleuf.fr\/bolivie\/index.php?rest_route=\/wp\/v2\/pages"}],"about":[{"href":"https:\/\/www.fleuf.fr\/bolivie\/index.php?rest_route=\/wp\/v2\/types\/page"}],"author":[{"embeddable":true,"href":"https:\/\/www.fleuf.fr\/bolivie\/index.php?rest_route=\/wp\/v2\/users\/1"}],"replies":[{"embeddable":true,"href":"https:\/\/www.fleuf.fr\/bolivie\/index.php?rest_route=%2Fwp%2Fv2%2Fcomments&post=343"}],"version-history":[{"count":43,"href":"https:\/\/www.fleuf.fr\/bolivie\/index.php?rest_route=\/wp\/v2\/pages\/343\/revisions"}],"predecessor-version":[{"id":486,"href":"https:\/\/www.fleuf.fr\/bolivie\/index.php?rest_route=\/wp\/v2\/pages\/343\/revisions\/486"}],"wp:attachment":[{"href":"https:\/\/www.fleuf.fr\/bolivie\/index.php?rest_route=%2Fwp%2Fv2%2Fmedia&parent=343"}],"curies":[{"name":"wp","href":"https:\/\/api.w.org\/{rel}","templated":true}]}}