{"id":264,"date":"2009-09-09T18:58:11","date_gmt":"2009-09-09T16:58:11","guid":{"rendered":"http:\/\/www.fleuf.fr\/bolivie\/?page_id=264"},"modified":"2010-08-15T15:04:00","modified_gmt":"2010-08-15T13:04:00","slug":"marche-de-tarabuco","status":"publish","type":"page","link":"https:\/\/www.fleuf.fr\/bolivie\/?page_id=264","title":{"rendered":"2\/ Marche de Tarabuco"},"content":{"rendered":"<h1 class=\"mceTemp mceIEcenter\" style=\"text-align: center;\">\u00a1 Bienvenidos a <span style=\"color: #ff00ff;\">T<\/span><span style=\"color: #99cc00;\">a<\/span><span style=\"color: #ff9900;\">r<\/span><span style=\"color: #33cccc;\">a<\/span><span style=\"color: #993366;\">b<\/span><span style=\"color: #008000;\">u<\/span><span style=\"color: #ff6600;\">c<\/span><span style=\"color: #cc99ff;\">o<\/span> <span style=\"color: #ff0000;\">!<\/span><\/h1>\n<div class=\"mceTemp mceIEcenter\" style=\"text-align: center;\">\n<dl id=\"attachment_265\" class=\"wp-caption aligncenter\" style=\"width: 610px;\">\n<dt class=\"wp-caption-dt\"><img decoding=\"async\" loading=\"lazy\" class=\"size-full wp-image-265\" title=\"bolivia-chile-20090816-105526\" src=\"http:\/\/www.fleuf.fr\/bolivie\/wp-content\/uploads\/2009\/09\/bolivia-chile-20090816-105526.jpg\" alt=\"Eglise de Tarabuco\" width=\"600\" height=\"400\" srcset=\"https:\/\/www.fleuf.fr\/bolivie\/wp-content\/uploads\/2009\/09\/bolivia-chile-20090816-105526.jpg 600w, https:\/\/www.fleuf.fr\/bolivie\/wp-content\/uploads\/2009\/09\/bolivia-chile-20090816-105526-300x200.jpg 300w\" sizes=\"(max-width: 600px) 100vw, 600px\" \/><\/dt>\n<dd class=\"wp-caption-dd\">Eglise de Tarabuco<\/dd>\n<\/dl>\n<\/div>\n<p style=\"text-align: left;\">Tarabuco, c&rsquo;est ce petit village \u00e0 une soixante de kms de Sucre (1h30 de bus).<br \/>\nVillage tr\u00e8s r\u00e9put\u00e9 par son march\u00e9 du dimanche haut en couleurs, avec son folklore et de l&rsquo;artisanat plus ou moins local.<\/p>\n<p style=\"text-align: left;\">Il y a des vendeurs partout dans les rues, on trouve de tout, de beaux tissus faits \u00e0 la main des r\u00e9gions alentours, des v\u00eatements, et m\u00eame tout ce qu&rsquo;on pourrait avoir besoin pour la vie courante l\u00e0 bas. Il y a aussi bien les touristes qui viennent acheter leurs souvenirs et un bonnet que des indiens qui troquent une bassine ou un savon.<\/p>\n<p style=\"text-align: left;\">Toutefois, les prix sont l\u00e9g\u00e8rement plus chers que dans le reste du pays.<\/p>\n<p style=\"text-align: center;\">\n<p style=\"text-align: center;\"><img decoding=\"async\" loading=\"lazy\" class=\"size-full wp-image-285 alignnone\" style=\"border: 2px solid black; margin: 5px;\" title=\"bolivia-chile-20090816-1120482\" src=\"http:\/\/www.fleuf.fr\/bolivie\/wp-content\/uploads\/2009\/09\/bolivia-chile-20090816-1120482.jpg\" alt=\"bolivia-chile-20090816-1120482\" width=\"432\" height=\"288\" srcset=\"https:\/\/www.fleuf.fr\/bolivie\/wp-content\/uploads\/2009\/09\/bolivia-chile-20090816-1120482.jpg 600w, https:\/\/www.fleuf.fr\/bolivie\/wp-content\/uploads\/2009\/09\/bolivia-chile-20090816-1120482-300x200.jpg 300w\" sizes=\"(max-width: 432px) 100vw, 432px\" \/><\/p>\n<p style=\"text-align: center;\"><img decoding=\"async\" loading=\"lazy\" class=\"size-full wp-image-286 alignnone\" style=\"border: 2px solid black; margin: 5px;\" title=\"bolivia-chile-20090816-1219002\" src=\"http:\/\/www.fleuf.fr\/bolivie\/wp-content\/uploads\/2009\/09\/bolivia-chile-20090816-1219002.jpg\" alt=\"bolivia-chile-20090816-1219002\" width=\"432\" height=\"288\" srcset=\"https:\/\/www.fleuf.fr\/bolivie\/wp-content\/uploads\/2009\/09\/bolivia-chile-20090816-1219002.jpg 600w, https:\/\/www.fleuf.fr\/bolivie\/wp-content\/uploads\/2009\/09\/bolivia-chile-20090816-1219002-300x200.jpg 300w\" sizes=\"(max-width: 432px) 100vw, 432px\" \/><\/p>\n<p style=\"text-align: center;\"><img decoding=\"async\" loading=\"lazy\" class=\"size-full wp-image-287 alignnone\" style=\"border: 2px solid black; margin: 5px;\" title=\"bolivia-chile-20090816-1200001\" src=\"http:\/\/www.fleuf.fr\/bolivie\/wp-content\/uploads\/2009\/09\/bolivia-chile-20090816-1200001.jpg\" alt=\"bolivia-chile-20090816-1200001\" width=\"432\" height=\"288\" srcset=\"https:\/\/www.fleuf.fr\/bolivie\/wp-content\/uploads\/2009\/09\/bolivia-chile-20090816-1200001.jpg 600w, https:\/\/www.fleuf.fr\/bolivie\/wp-content\/uploads\/2009\/09\/bolivia-chile-20090816-1200001-300x200.jpg 300w\" sizes=\"(max-width: 432px) 100vw, 432px\" \/><\/p>\n<p style=\"text-align: center;\"><img decoding=\"async\" loading=\"lazy\" class=\"alignleft size-thumbnail wp-image-275\" style=\"border: 2px solid black; margin: 5px;\" title=\"bolivia-chile-20090816-115538\" src=\"http:\/\/www.fleuf.fr\/bolivie\/wp-content\/uploads\/2009\/09\/bolivia-chile-20090816-115538-150x150.jpg\" alt=\"bolivia-chile-20090816-115538\" width=\"150\" height=\"150\" \/><\/p>\n<p style=\"text-align: left;\">Au loin, un petit attroupement de gens: une TV qui retransmet une danse locale, tout le monde reste fascin\u00e9 par le petit \u00e9cran.<\/p>\n<p style=\"text-align: left;\">Sur la place principale, quelques petits restos locaux, un groupe de musique et de danseurs, des jeunes jouant au babyfoot&#8230;<\/p>\n<p style=\"text-align: left;\"><img decoding=\"async\" loading=\"lazy\" class=\"alignleft size-medium wp-image-276\" style=\"border: 2px solid black; margin: 5px;\" title=\"bolivia-chile-20090816-105911\" src=\"http:\/\/www.fleuf.fr\/bolivie\/wp-content\/uploads\/2009\/09\/bolivia-chile-20090816-105911-300x200.jpg\" alt=\"bolivia-chile-20090816-105911\" width=\"300\" height=\"200\" srcset=\"https:\/\/www.fleuf.fr\/bolivie\/wp-content\/uploads\/2009\/09\/bolivia-chile-20090816-105911-300x200.jpg 300w, https:\/\/www.fleuf.fr\/bolivie\/wp-content\/uploads\/2009\/09\/bolivia-chile-20090816-105911.jpg 600w\" sizes=\"(max-width: 300px) 100vw, 300px\" \/><img decoding=\"async\" loading=\"lazy\" class=\"alignleft size-medium wp-image-277\" style=\"border: 2px solid black; margin: 5px;\" title=\"bolivia-chile-20090816-110759\" src=\"http:\/\/www.fleuf.fr\/bolivie\/wp-content\/uploads\/2009\/09\/bolivia-chile-20090816-110759-300x200.jpg\" alt=\"bolivia-chile-20090816-110759\" width=\"300\" height=\"200\" srcset=\"https:\/\/www.fleuf.fr\/bolivie\/wp-content\/uploads\/2009\/09\/bolivia-chile-20090816-110759-300x200.jpg 300w, https:\/\/www.fleuf.fr\/bolivie\/wp-content\/uploads\/2009\/09\/bolivia-chile-20090816-110759.jpg 600w\" sizes=\"(max-width: 300px) 100vw, 300px\" \/><\/p>\n<p style=\"text-align: left;\"><em>Y aller:<\/em> depuis Sucre, se rendre \u00e0 la plaza Huallparimachi, calle Calvo. Les bus et camions partent entre 6h30 et 9h30 le dimanche matin. Compter 8BS\/personne pour le bus. Le retour se fait \u00e0 Tarabuco entre 13h et 15h.<br \/>\nRoute bien goudronn\u00e9e !<\/p>\n<div class=\"mceTemp mceIEcenter\" style=\"text-align: center;\">\n<dl id=\"attachment_289\" class=\"wp-caption aligncenter\" style=\"width: 610px;\">\n<dt class=\"wp-caption-dt\"><img decoding=\"async\" loading=\"lazy\" class=\"size-full wp-image-289\" title=\"bolivia-chile-20090815-172906\" src=\"http:\/\/www.fleuf.fr\/bolivie\/wp-content\/uploads\/2009\/09\/bolivia-chile-20090815-172906.jpg\" alt=\"Le tissage des teintures\" width=\"600\" height=\"400\" srcset=\"https:\/\/www.fleuf.fr\/bolivie\/wp-content\/uploads\/2009\/09\/bolivia-chile-20090815-172906.jpg 600w, https:\/\/www.fleuf.fr\/bolivie\/wp-content\/uploads\/2009\/09\/bolivia-chile-20090815-172906-300x200.jpg 300w\" sizes=\"(max-width: 600px) 100vw, 600px\" \/><\/dt>\n<dd class=\"wp-caption-dd\">Le tissage des teintures<\/dd>\n<\/dl>\n<\/div>\n<div class=\"mceTemp mceIEcenter\" style=\"text-align: center;\">\n<dl id=\"attachment_290\" class=\"wp-caption aligncenter\" style=\"width: 610px;\">\n<dt class=\"wp-caption-dt\"><img decoding=\"async\" loading=\"lazy\" class=\"size-full wp-image-290\" title=\"bolivia-chile-20090815-173150\" src=\"http:\/\/www.fleuf.fr\/bolivie\/wp-content\/uploads\/2009\/09\/bolivia-chile-20090815-173150.jpg\" alt=\"D\u00e9tail\" width=\"600\" height=\"400\" srcset=\"https:\/\/www.fleuf.fr\/bolivie\/wp-content\/uploads\/2009\/09\/bolivia-chile-20090815-173150.jpg 600w, https:\/\/www.fleuf.fr\/bolivie\/wp-content\/uploads\/2009\/09\/bolivia-chile-20090815-173150-300x200.jpg 300w\" sizes=\"(max-width: 600px) 100vw, 600px\" \/><\/dt>\n<dd class=\"wp-caption-dd\">D\u00e9tail du tissage <\/dd>\n<\/dl>\n<\/div>\n<div class=\"mceTemp mceIEcenter\" style=\"text-align: center;\">\n<dl id=\"attachment_291\" class=\"wp-caption aligncenter\" style=\"width: 610px;\">\n<dt class=\"wp-caption-dt\"><img decoding=\"async\" loading=\"lazy\" class=\"size-full wp-image-291\" title=\"bolivia-chile-20090816-111204\" src=\"http:\/\/www.fleuf.fr\/bolivie\/wp-content\/uploads\/2009\/09\/bolivia-chile-20090816-111204.jpg\" alt=\"Les rues remplies d'\u00e9tales\" width=\"600\" height=\"400\" srcset=\"https:\/\/www.fleuf.fr\/bolivie\/wp-content\/uploads\/2009\/09\/bolivia-chile-20090816-111204.jpg 600w, https:\/\/www.fleuf.fr\/bolivie\/wp-content\/uploads\/2009\/09\/bolivia-chile-20090816-111204-300x200.jpg 300w\" sizes=\"(max-width: 600px) 100vw, 600px\" \/><\/dt>\n<dd class=\"wp-caption-dd\">Les rues sont bien occup\u00e9es <\/dd>\n<\/dl>\n<\/div>\n<div class=\"mceTemp mceIEcenter\" style=\"text-align: center;\">\n<dl id=\"attachment_292\" class=\"wp-caption aligncenter\" style=\"width: 610px;\">\n<dt class=\"wp-caption-dt\"><img decoding=\"async\" loading=\"lazy\" class=\"size-full wp-image-292\" title=\"bolivia-chile-20090816-113039\" src=\"http:\/\/www.fleuf.fr\/bolivie\/wp-content\/uploads\/2009\/09\/bolivia-chile-20090816-113039.jpg\" alt=\"Epices\" width=\"600\" height=\"400\" srcset=\"https:\/\/www.fleuf.fr\/bolivie\/wp-content\/uploads\/2009\/09\/bolivia-chile-20090816-113039.jpg 600w, https:\/\/www.fleuf.fr\/bolivie\/wp-content\/uploads\/2009\/09\/bolivia-chile-20090816-113039-300x200.jpg 300w\" sizes=\"(max-width: 600px) 100vw, 600px\" \/><\/dt>\n<dd class=\"wp-caption-dd\">\u00c9pices locales <\/dd>\n<\/dl>\n<\/div>\n<div class=\"mceTemp mceIEcenter\" style=\"text-align: center;\">\n<dl id=\"attachment_293\" class=\"wp-caption aligncenter\" style=\"width: 460px;\">\n<dt class=\"wp-caption-dt\"><img decoding=\"async\" loading=\"lazy\" class=\"size-full wp-image-293\" title=\"bolivia-chile-20090816-115751\" src=\"http:\/\/www.fleuf.fr\/bolivie\/wp-content\/uploads\/2009\/09\/bolivia-chile-20090816-115751.jpg\" alt=\"Offrandes\" width=\"450\" height=\"600\" srcset=\"https:\/\/www.fleuf.fr\/bolivie\/wp-content\/uploads\/2009\/09\/bolivia-chile-20090816-115751.jpg 450w, https:\/\/www.fleuf.fr\/bolivie\/wp-content\/uploads\/2009\/09\/bolivia-chile-20090816-115751-225x300.jpg 225w\" sizes=\"(max-width: 450px) 100vw, 450px\" \/><\/dt>\n<dd class=\"wp-caption-dd\">Offrandes<\/dd>\n<\/dl>\n<\/div>\n<div class=\"mceTemp mceIEcenter\" style=\"text-align: center;\">\n<dl id=\"attachment_294\" class=\"wp-caption aligncenter\" style=\"width: 410px;\">\n<dt class=\"wp-caption-dt\"><img decoding=\"async\" loading=\"lazy\" class=\"size-full wp-image-294\" title=\"bolivia-chile-20090816-125129\" src=\"http:\/\/www.fleuf.fr\/bolivie\/wp-content\/uploads\/2009\/09\/bolivia-chile-20090816-125129.jpg\" alt=\"Musicien\" width=\"400\" height=\"600\" srcset=\"https:\/\/www.fleuf.fr\/bolivie\/wp-content\/uploads\/2009\/09\/bolivia-chile-20090816-125129.jpg 400w, https:\/\/www.fleuf.fr\/bolivie\/wp-content\/uploads\/2009\/09\/bolivia-chile-20090816-125129-200x300.jpg 200w\" sizes=\"(max-width: 400px) 100vw, 400px\" \/><\/dt>\n<dd class=\"wp-caption-dd\">Un musicien<\/dd>\n<\/dl>\n<\/div>\n<div class=\"mceTemp mceIEcenter\" style=\"text-align: center;\">\n<dl id=\"attachment_295\" class=\"wp-caption aligncenter\" style=\"width: 610px;\">\n<dt class=\"wp-caption-dt\"><img decoding=\"async\" loading=\"lazy\" class=\"size-full wp-image-295\" title=\"bolivia-chile-20090816-113228\" src=\"http:\/\/www.fleuf.fr\/bolivie\/wp-content\/uploads\/2009\/09\/bolivia-chile-20090816-113228.jpg\" alt=\"Echange\" width=\"600\" height=\"400\" srcset=\"https:\/\/www.fleuf.fr\/bolivie\/wp-content\/uploads\/2009\/09\/bolivia-chile-20090816-113228.jpg 600w, https:\/\/www.fleuf.fr\/bolivie\/wp-content\/uploads\/2009\/09\/bolivia-chile-20090816-113228-300x200.jpg 300w\" sizes=\"(max-width: 600px) 100vw, 600px\" \/><\/dt>\n<dd class=\"wp-caption-dd\">\u00c9change <\/dd>\n<\/dl>\n<\/div>\n<div class=\"mceTemp mceIEcenter\" style=\"text-align: center;\">\n<dl id=\"attachment_296\" class=\"wp-caption aligncenter\" style=\"width: 410px;\">\n<dt class=\"wp-caption-dt\"><img decoding=\"async\" loading=\"lazy\" class=\"size-full wp-image-296\" title=\"bolivia-chile-20090816-135601\" src=\"http:\/\/www.fleuf.fr\/bolivie\/wp-content\/uploads\/2009\/09\/bolivia-chile-20090816-135601.jpg\" alt=\"La petite fille au sac\" width=\"400\" height=\"600\" srcset=\"https:\/\/www.fleuf.fr\/bolivie\/wp-content\/uploads\/2009\/09\/bolivia-chile-20090816-135601.jpg 400w, https:\/\/www.fleuf.fr\/bolivie\/wp-content\/uploads\/2009\/09\/bolivia-chile-20090816-135601-200x300.jpg 200w\" sizes=\"(max-width: 400px) 100vw, 400px\" \/><\/dt>\n<dd class=\"wp-caption-dd\">La petite fille au sac<\/dd>\n<\/dl>\n<\/div>\n<div class=\"mceTemp mceIEcenter\" style=\"text-align: center;\">\n<dl id=\"attachment_299\" class=\"wp-caption aligncenter\" style=\"width: 410px;\">\n<dt class=\"wp-caption-dt\"><img decoding=\"async\" loading=\"lazy\" class=\"size-full wp-image-299\" title=\"bolivia-chile-20090816-113359\" src=\"http:\/\/www.fleuf.fr\/bolivie\/wp-content\/uploads\/2009\/09\/bolivia-chile-20090816-113359.jpg\" alt=\"Les nattes boliviennes\" width=\"400\" height=\"600\" srcset=\"https:\/\/www.fleuf.fr\/bolivie\/wp-content\/uploads\/2009\/09\/bolivia-chile-20090816-113359.jpg 400w, https:\/\/www.fleuf.fr\/bolivie\/wp-content\/uploads\/2009\/09\/bolivia-chile-20090816-113359-200x300.jpg 200w\" sizes=\"(max-width: 400px) 100vw, 400px\" \/><\/dt>\n<dd class=\"wp-caption-dd\">Les nattes boliviennes<\/dd>\n<\/dl>\n<\/div>\n<div class=\"mceTemp mceIEcenter\" style=\"text-align: center;\">\n<dl id=\"attachment_300\" class=\"wp-caption aligncenter\" style=\"width: 610px;\">\n<dt class=\"wp-caption-dt\"><img decoding=\"async\" loading=\"lazy\" class=\"size-full wp-image-300\" title=\"bolivia-chile-20090816-121846\" src=\"http:\/\/www.fleuf.fr\/bolivie\/wp-content\/uploads\/2009\/09\/bolivia-chile-20090816-121846.jpg\" alt=\"Les multitudes de couleurs des \u00e9toles\" width=\"600\" height=\"450\" srcset=\"https:\/\/www.fleuf.fr\/bolivie\/wp-content\/uploads\/2009\/09\/bolivia-chile-20090816-121846.jpg 600w, https:\/\/www.fleuf.fr\/bolivie\/wp-content\/uploads\/2009\/09\/bolivia-chile-20090816-121846-300x225.jpg 300w\" sizes=\"(max-width: 600px) 100vw, 600px\" \/><\/dt>\n<dd class=\"wp-caption-dd\">Les multitudes de couleurs des \u00e9toles<\/dd>\n<\/dl>\n<\/div>\n<p style=\"text-align: center;\">\n","protected":false},"excerpt":{"rendered":"<p>\u00a1 Bienvenidos a Tarabuco ! Eglise de Tarabuco Tarabuco, c&rsquo;est ce petit village \u00e0 une soixante de kms de Sucre (1h30 de bus). Village tr\u00e8s r\u00e9put\u00e9 par son march\u00e9 du dimanche haut en couleurs, avec son folklore et de l&rsquo;artisanat plus ou moins local. Il y a des vendeurs partout dans les rues, on trouve [&hellip;]<\/p>\n","protected":false},"author":1,"featured_media":0,"parent":0,"menu_order":20,"comment_status":"open","ping_status":"open","template":"","meta":[],"_links":{"self":[{"href":"https:\/\/www.fleuf.fr\/bolivie\/index.php?rest_route=\/wp\/v2\/pages\/264"}],"collection":[{"href":"https:\/\/www.fleuf.fr\/bolivie\/index.php?rest_route=\/wp\/v2\/pages"}],"about":[{"href":"https:\/\/www.fleuf.fr\/bolivie\/index.php?rest_route=\/wp\/v2\/types\/page"}],"author":[{"embeddable":true,"href":"https:\/\/www.fleuf.fr\/bolivie\/index.php?rest_route=\/wp\/v2\/users\/1"}],"replies":[{"embeddable":true,"href":"https:\/\/www.fleuf.fr\/bolivie\/index.php?rest_route=%2Fwp%2Fv2%2Fcomments&post=264"}],"version-history":[{"count":23,"href":"https:\/\/www.fleuf.fr\/bolivie\/index.php?rest_route=\/wp\/v2\/pages\/264\/revisions"}],"predecessor-version":[{"id":482,"href":"https:\/\/www.fleuf.fr\/bolivie\/index.php?rest_route=\/wp\/v2\/pages\/264\/revisions\/482"}],"wp:attachment":[{"href":"https:\/\/www.fleuf.fr\/bolivie\/index.php?rest_route=%2Fwp%2Fv2%2Fmedia&parent=264"}],"curies":[{"name":"wp","href":"https:\/\/api.w.org\/{rel}","templated":true}]}}